osite number?
True
Is 15244140371 prime?
True
Is 1615895761 prime?
True
Is 161050193 prime?
False
Is 826757527 a composite number?
False
Is 169194349 composite?
True
Is 41467371581 composite?
False
Is 24653359943 composite?
False
Is 3653236427 prime?
True
Is 2037569297 a prime number?
True
Is 2641958567 prime?
True
Is 2735990407 a composite number?
True
Is 983732861 a composite number?
False
Is 1180795585 a prime number?
False
Is 9489962974 prime?
False
Is 46510933373 a prime number?
False
Is 2261501899 a prime number?
True
Is 2116286699 a composite number?
True
Is 4447423235 prime?
False
Is 756188137 a prime number?
False
Is 8459032931 prime?
False
Is 2980052183 a prime number?
True
Is 12373833727 a prime number?
False
Is 6845730473 prime?
True
Is 605558257 a prime number?
False
Is 6398493917 prime?
True
Is 44496726733 a composite number?
False
Is 1333326421 a prime number?
False
Is 21630991 prime?
True
Is 2502084887 a prime number?
True
Is 14641729901 a prime number?
True
Is 16009225135 a prime number?
False
Is 17221509857 a prime number?
True
Is 141570843671 a composite number?
False
Is 705728561 a composite number?
False
Is 89998329 a composite number?
True
Is 51320360347 a composite number?
False
Is 14370639353 a composite number?
True
Is 154858046267 a prime number?
True
Is 49747169 prime?
False
Is 39332453167 prime?
False
Is 13816747837 composite?
False
Is 12719114249 a composite number?
False
Is 1602673669 composite?
True
Is 12969218 a prime number?
False
Is 1899236977 composite?
True
Is 611761877 prime?
True
Is 14252662163 composite?
True
Is 947251873 prime?
False
Is 4972653443 a prime number?
False
Is 48389677403 a composite number?
True
Is 78559994859 a composite number?
True
Is 4554932209 prime?
False
Is 13257869 composite?
False
Is 92782430605 prime?
False
Is 1129842589 a composite number?
True
Is 56051533591 prime?
False
Is 12837237599 prime?
True
Is 501285073 composite?
True
Is 87752492861 composite?
True
Is 1378043791 prime?
True
Is 1658115533 composite?
False
Is 12488831 a prime number?
True
Is 47623751603 a composite number?
True
Is 10357197637 a composite number?
False
Is 40324563557 composite?
False
Is 20898636619 a composite number?
True
Is 17618861809 composite?
False
Is 80572070993 a composite number?
True
Is 4901614429 a composite number?
False
Is 901483069 prime?
False
Is 13976870917 prime?
False
Is 67589111093 a composite number?
True
Is 5526880621 a prime number?
True
Is 264289439 a prime number?
True
Is 6055115303 prime?
True
Is 4925978917 a prime number?
True
Is 47456624759 a composite number?
True
Is 133005971 a prime number?
False
Is 8446105949 prime?
True
Is 2347661549 composite?
False
Is 9233722117 a composite number?
True
Is 14303575453 prime?
False
Is 15514729 a prime number?
False
Is 190282234777 composite?
False
Is 105796279 prime?
True
Is 7952258109 a composite number?
True
Is 6378271931 a composite number?
False
Is 272219209 a prime number?
True
Is 895860911 a prime number?
False
Is 170987743 composite?
True
Is 27531396757 composite?
True
Is 6989427573 a composite number?
True
Is 7920554689 a composite number?
True
Is 458037457 a composite number?
True
Is 1033233209 a prime number?
False
Is 11835306239 a composite number?
False
Is 265632013 a prime number?
False
Is 970871647 a prime number?
False
Is 2620304423 composite?
True
Is 3033844433 prime?
True
Is 4101133009 prime?
True
Is 1239386047 a composite number?
True
Is 11685867 a prime number?
False
Is 27687564809 a prime number?
True
Is 135925898599 composite?
False
Is 7078715713 composite?
True
Is 1237378171 composite?
True
Is 14584635539 prime?
True
Is 20085229 prime?
True
Is 6173314313 a prime number?
False
Is 71394446411 prime?
True
Is 17679329989 a prime number?
False
Is 3126616601 a prime number?
True
Is 1108267619 composite?
False
Is 67556440531 a prime number?
False
Is 53165100607 composite?
True
Is 5033311799 a composite number?
True
Is 95606149 composite?
True
Is 1113906047 prime?
False
Is 7619768077 a composite number?
True
Is 1502391955 a composite number?
True
Is 45580867727 composite?
True
Is 16137138817 prime?
False
Is 69309877901 a composite number?
True
Is 2286397931 composite?
False
Is 71207817179 composite?
False
Is 35752671973 a composite number?
True
Is 2930242767 a composite number?
True
Is 174108862 composite?
True
Is 2476512419 prime?
False
Is 388199737 composite?
True
Is 351414131 prime?
True
Is 3079578743 prime?
False
Is 26601803 a prime number?
True
Is 247900369 a composite number?
False
Is 8983008191 prime?
False
Is 598521659 a prime number?
False
Is 42260862443 a prime number?
True
Is 133634568671 prime?
True
Is 74393875741 composite?
False
Is 8912799217 prime?
False
Is 64474337 a prime number?
False
Is 4809656801 composite?
False
Is 62528455663 a prime number?
False
Is 511485935 a prime number?
False
Is 536546137 composite?
True
Is 4906264477 prime?
True
Is 17297495651 a composite number?
False
Is 2922997919 prime?
True
Is 11714094767 composite?
True
Is 35176932587 a prime number?
True
Is 1342537697 prime?
True
Is 20065760601 composite?
True
Is 3220083899 a composite number?
True
Is 41095522817 composite?
True
Is 354740797 a prime number?
True
Is 242210777 composite?
True
Is 12542306717 composite?
True
Is 58809397069 composite?
False
Is 46932087407 a composite number?
True
Is 4689522377 prime?
True
Is 1198746317 a composite number?
False
Is 2759307413 prime?
True
Is 1880550337 a composite number?
False
Is 480888587 prime?
True
Is 7941167503 a composite number?
True
Is 13456639957 a prime number?
True
Is 3182998781 prime?
True
Is 3498143461 composite?
True
Is 13054649849 a prime number?
True
Is 572910697 a prime number?
False
Is 385765441 a prime number?
False
Is 3319297973 prime?
False
Is 29200454453 composite?
True
Is 216390979 prime?
False
Is 13336532609 a prime number?
False
Is 1400550539 prime?
False
Is 1916374829 composite?
False
Is 152767717 a composite number?
False
Is 56789831099 a composite number?
False
Is 18225540901 prime?
True
Is 9448623463 composite?
True
Is 4242900215 a composite number?
True
Is 34398223 composite?
False
Is 13374672559 prime?
False
Is 46537861 a composite number?
True
Is 140840551 prime?
True
Is 391016663 a prime number?
True
Is 14949784459 composite?
True
Is 6682112761 a prime number?
False
Is 3224718841 composite?
True
Is 912420401 composite?
True
Is 1230025094 a prime number?
False
Is 41213360633 a composite number?
False
Is 495615917 prime?
False
Is 6889797589 a composite number?
True
Is 18350239777 a composite number?
False
Is 10011409 composite?
True
Is 1704255913 composite?
True
Is 1213721 a prime number?
True
Is 627363277 composite?
True
Is 3182657273 a prime number?
False
Is 530764573 prime?
True
Is 1251118558 a composite number?
True
Is 2648560583 prime?
False
Is 64104667309 prime?
True
Is 7266888107 composite?
False
Is 483626982533 prime?
True
Is 825570511 prime?
True
Is 2044740113 composite?
True
Is 2116227247 a prime number?
False
Is 7750860659 a composite number?
False
Is 33280350701 composite?
True
Is 1692437861 a prime number?
False
Is 178083133 a composite number?
True
Is 47351774 composite?
True
Is 411940487 a composite number?
True
Is 182811943 a prime number?
True
Is 194722001 a composite number?
False
Is 2307594283 prime?
True
Is 2083250371 prime?
True
Is 5445957201 composite?
True
Is 4043165657 a prime number?
True
Is 2638283569 a prime number?
False
Is 467971733 composite?
True
Is 13968110713 prime?
True
Is 104088628867 composite?
False
Is 855206671 a composite number?
True
Is 224851327 a composite number?
False
Is 63240453187 composite?
True
Is 59260613681 composite?
False
Is 1520156119 a prime number?
True
Is 494342047 composite?
True
Is 2693393221 a prime number?
True
Is 4391624617 composite?
False
Is 1171662187 a composite number?
True
Is 1693001471 a prime number?
False
Is 3794240159 a composite number?
False
Is 21399695 a composite number?
True
Is 106322171 a prime number?
True
Is 30966372193 prime?
False
Is 896404871 prime?
False
Is 3079708649 composite?
True
Is 14518030993 prime?
True
Is 76507788037 prime?
True
Is 8280177589 a prime number?
True
Is 3256923849 a prime number?
False
Is 2344494623 composite?
True
Is 34526993323 a composite number?
False
Is 14417